{"id":108,"date":"2019-09-26T11:53:05","date_gmt":"2019-09-26T09:53:05","guid":{"rendered":"http:\/\/www.consorziobonifica.it\/palermo2\/?page_id=108"},"modified":"2019-09-29T18:01:06","modified_gmt":"2019-09-29T16:01:06","slug":"il-consorzio","status":"publish","type":"page","link":"https:\/\/www.consorziobonifica.it\/palermo2\/il-consorzio\/","title":{"rendered":"Il Consorzio"},"content":{"rendered":"<div id=\"pl-gb108-69df4d4fb9785\"  class=\"panel-layout\" ><div id=\"pg-gb108-69df4d4fb9785-0\"  class=\"panel-grid panel-no-style\" ><div id=\"pgc-gb108-69df4d4fb9785-0-0\"  class=\"panel-grid-cell\" ><div id=\"panel-gb108-69df4d4fb9785-0-0-0\" class=\"so-panel widget_text panel-first-child panel-last-child widgetopts-SO\" data-index=\"0\" >\t\t\t<div class=\"textwidget\"><p>Il Consorzio di Bonifica 2 Palermo \u00e8 stato costituito ai sensi dell\u2019articolo\u00a0<strong>3 della L.R. 45\/95<\/strong>\u00a0con decreto n. 157 del 23.05.1997 del Presidente della Regione Siciliana (GURS n. 49 del 06.09.97).<\/p>\n<p>Con deliberazione commissariale n. 8909, la denominazione cambia e diventa: \u201cConsorzio di Bonifica 2 Palermo\u201d<\/p>\n<p>Il territorio in cui opera \u00e8 stato delimitato con decreto n. 26 datato 08.02.1996 del Presidente della Regione (GURS n. 19 del 20.04.1996).<\/p>\n<p><strong>Il Consorzio di Bonifica 2 Palermo \u00e8\u2019 un ente di diritto pubblico ad indirizzo economico\u00a0<\/strong><em>(ai sensi dell\u2019art.5, 4\u00b0 comma, legge regionale 25 maggio 1995 n. 45).<\/em><\/p>\n<p>La sede \u00e8 a Palermo, in via G.B. Lulli n. 42.<\/p>\n<p>Tra i compiti assegnati dalla legge, ai sensi dell\u2019art. 1 della LR 45\/95, quello prevalente \u00e8 il seguente:<\/p>\n<p>Il Consorzio, nell\u2019ambito dei programmi per la difesa, conservazione e tutela del suolo, per la valorizzazione del territorio, per lo sviluppo della produzione agricola e dell\u2019irrigazione e per la tutela dell\u2019ambiente, \u201c<strong><em>promuove ed organizza la bonifica come mezzo permanente di difesa, conservazione, valorizzazione e tutela del suolo di utilizzazione, tutela delle acque e salvaguardia dell\u2019ambiente\u201d.<\/em><\/strong><\/p>\n<p>Per il perseguimento delle finalit\u00e0 il Consorzio provvede alla realizzazione ed alla gestione degli interventi di bonifica e svolge le funzioni di programmazione nonch\u00e9 i compiti previsti dall\u2019art. 8 della L.R. 45\/95 e, precisamente, sono di sua competenza:<\/p>\n<ol>\n<li>la gestione, la manutenzione ordinaria e straordinaria delle opere pubbliche e degli impianti di bonifica ed irrigazione;<\/li>\n<li>la vigilanza delle opere e degli impianti di cui al punto precedente;<\/li>\n<li>la redazione ed approvazione dello schema del piano generale degli interventi di bonifica;<\/li>\n<li>la vigilanza sulla realizzazione delle opere private obbligatorie previste dal piano generale degli interventi di bonifica;<\/li>\n<li>l\u2019intervento sostitutivo dei privati nella esecuzione e manutenzione delle opere di interesse particolare dei propri fondi e previste nel piano generale degli interventi di cui al punto 3;<\/li>\n<li>la redazione ed approvazione del piano di classifica per il riparto della contribuenza\u00a0 sulla base dei criteri indicati dall\u2019art. 10 della L.R. 45\/95;<\/li>\n<li>la formulazione di proposte in vista dell\u2019inserimento nei piani di bacino, concernenti l\u2019imposizione di prescrizioni e vincoli finalizzati alla conservazione del suolo;<\/li>\n<li>l\u2019elaborazione da sottoporre alle autorit\u00e0 competenti, in relazione ai differenti ordinamenti produttivi, degli indici di qualit\u00e0, ritenuti accettabili, delle acque da utilizzare a scopo irriguo, provvedendo al monitoraggio delle stesse;<\/li>\n<li>la formulazione di proposte in vista dell\u2019adozione degli atti di pianificazione territoriale;<\/li>\n<li>la partecipazione nell\u2019esercizio di funzioni di controllo e vigilanza nel rispetto delle prescrizioni e dei vincoli ove delegati dalle amministrazioni pubbliche competenti;<\/li>\n<li>le attivit\u00e0 di progettazione di cui all\u2019art. 5 della L.R. n. 21 del 29.04.1985, per le opere pubbliche di competenza regionale di cui alla L.R. 45\/95 e successive integrazioni e modificazioni;<\/li>\n<li>la progettazione, la realizzazione delle opere necessarie alla utilizzazione delle acque per fini irrigui, e ci\u00f2 fino alla costituzione dell\u2019autorit\u00e0 di bacino;<\/li>\n<li>eventuali interventi di forestazione a salvaguardia delle opere di bonifica, attuati di concerto con l\u2019Azienda delle foreste demaniali.<\/li>\n<\/ol>\n<p>Il Consorzio, per il raggiungimento delle proprie finalit\u00e0 istituzionali, pu\u00f2 partecipare ad enti ed organismi aventi analoghe finalit\u00e0, ovvero sostenerne l\u2019azione.<\/p>\n<p>La L.R. 45\/95 assegna ai consorzi la competenza sulla gestione di tutte le dighe e degli impianti per la distribuzione dell\u2019acqua destinata all\u2019irrigazione delle coltivazioni.<\/p>\n<p>Con Decreto del Presidente della Giunta Regionale del 25 maggio 1997 il territorio isolano \u00e8 stato suddiviso in undici comprensori (in sostituzione dei 26 preesistenti) ai quali corrispondono undici enti con sede nei capoluoghi di provincia e nei comuni di Gela e Caltagirone.<\/p>\n<p>Ad essi si fa riferimento nel delineare le principali linee di sviluppo dell\u2019irrigazione in Sicilia in quanto la legge di riforma ha assegnato ai Consorzi un ruolo di assoluta preminenza nella gestione delle risorse idriche, visto che gli stessi hanno realizzato la maggior parte delle opere idrauliche di raccolta, adduzione e distribuzione dei sistemi irrigui collettivi.<\/p>\n<p>Lo scopo principale di questi enti \u00e8 quello di provvedere ad una distribuzione territoriale corrispondente ai specifici fabbisogni idrici destinati all\u2019agricoltura.<\/p>\n<p>La Sicilia, che si estende per circa 26 mila kmq, conta una superficie agricola valutabile attorno ai 16 mila kmq. Un rapporto tra area complessiva e terreno coltivato pari al 61% del territorio. Un\u2019ottima percentuale se paragonata a quella nazionale che si attesta al 49%.<br \/>\nIn una tale organizzazione va riconosciuto il ruolo centrale dei Consorzi di Bonifica (art. 2 L. 36\/94) \u201cper una razionale gestione delle risorse idriche disponibili in agricoltura, ivi comprese le acque reflue depurate per lo sviluppo delle produzioni agricole, per la tutela dell\u2019ambiente e la valorizzazione del territorio.<\/p>\n<p>Tra i compiti assegnati dalla legge, ai sensi dell\u2019art. 1 della LR 45\/95, quello prevalente \u00e8 il seguente:<\/p>\n<p>Il Consorzio, nell\u2019ambito dei programmi per la difesa, conservazione e tutela del suolo, per la valorizzazione del territorio, per lo sviluppo della produzione agricola e dell\u2019irrigazione e per la tutela dell\u2019ambiente, \u201cpromuove ed organizza la bonifica come mezzo permanente di difesa, conservazione, valorizzazione e tutela del suolo di utilizzazione, tutela delle acque e salvaguardia dell\u2019ambiente\u201d.<\/p>\n<p>Per il perseguimento delle finalit\u00e0 il Consorzio provvede alla realizzazione ed alla gestione degli interventi di bonifica e svolge le funzioni di programmazione nonch\u00e9 i compiti previsti dall\u2019art. 8 della L.R. 45\/95 e, precisamente, sono di sua competenza:<\/p>\n<p>1. la gestione, la manutenzione ordinaria e straordinaria delle opere pubbliche e degli impianti di bonifica ed irrigazione;<br \/>\n2. la vigilanza delle opere e degli impianti di cui al punto precedente;<br \/>\n3. la redazione ed approvazione dello schema del piano generale degli interventi di bonifica;<br \/>\n4. la vigilanza sulla realizzazione delle opere private obbligatorie previste dal piano generale degli interventi di bonifica;<br \/>\n5. l\u2019intervento sostitutivo dei privati nella esecuzione e manutenzione delle opere di interesse particolare dei propri fondi e previste nel piano generale degli interventi di cui al punto 3;<br \/>\n6. la redazione ed approvazione del piano di classifica per il riparto della contribuenza\u00a0 sulla base dei criteri indicati dall\u2019art. 10 della L.R. 45\/95;<br \/>\n7. la formulazione di proposte in vista dell\u2019inserimento nei piani di bacino, concernenti l\u2019imposizione di prescrizioni e vincoli finalizzati alla conservazione del suolo;<br \/>\n8. l\u2019elaborazione da sottoporre alle autorit\u00e0 competenti, in relazione ai differenti ordinamenti produttivi, degli indici di qualit\u00e0, ritenuti accettabili, delle acque da utilizzare a scopo irriguo, provvedendo al monitoraggio delle stesse;<br \/>\n9. la formulazione di proposte in vista dell\u2019adozione degli atti di pianificazione territoriale;<br \/>\n10. la partecipazione nell\u2019esercizio di funzioni di controllo e vigilanza nel rispetto delle prescrizioni e dei vincoli ove delegati dalle amministrazioni pubbliche competenti;<br \/>\n11. le attivit\u00e0 di progettazione di cui all\u2019art. 5 della L.R. n. 21 del 29.04.1985, per le opere pubbliche di competenza regionale di cui alla L.R. 45\/95 e successive integrazioni e modificazioni;<br \/>\n12. la progettazione, la realizzazione delle opere necessarie alla utilizzazione delle acque per fini irrigui, e ci\u00f2 fino alla costituzione dell\u2019autorit\u00e0 di bacino;<br \/>\n13. eventuali interventi di forestazione a salvaguardia delle opere di bonifica, attuati di concerto con l\u2019Azienda delle foreste demaniali.<\/p>\n<p>Il Consorzio, per il raggiungimento delle proprie finalit\u00e0 istituzionali, pu\u00f2 partecipare ad enti ed organismi aventi analoghe finalit\u00e0, ovvero sostenerne l\u2019azione.<\/p>\n<p>* Ai consorzi spetta la progettazione e la esecuzione in concessione delle opere di bonifica di competenza statale, nonch\u00e9 di ogni altra opera pubblica di interesse del comprensorio.<\/p>\n<p>* I consorzi hanno competenza sulla manutenzione e sull\u2019esercizio delle opere di competenza statale e sovraintendono alla esecuzione ed alla manutenzione delle opere di interesse comune a pi\u00f9 propriet\u00e0, nonch\u00e9 di quelle occorrenti a dare scolo alle acque.<\/p>\n<p>* I consorzi forniscono assistenza alla propriet\u00e0 consorziata nella trasformazione degli ordinamenti produttivi delle singole aziende e procedono alle opere di miglioramento fondiario, sia volontarie che obbligatorie.<\/p>\n<p>Nell\u2019espletamento dei suoi compiti di vigilanza il Consorzio<\/p>\n<p>* tiene informato l\u2019Assessorato Agricoltura e Foreste dell\u2019attuazione del piano generale di bonifica<br \/>\n* su richiesta dell\u2019Assessorato Regionale Agricoltura e Foreste concorda con le persone soggette agli obblighi di bonifica le opere di competenza privata da eseguire e gli indirizzi da adottare per la trasformazione degli ordinamenti produttivi<br \/>\n* esegue a spese dei proprietari le opere di loro spettanza, decorsi inutilmente i termini loro assegnati<br \/>\n* vigila sull\u2019adempimento delle direttive del piano generale di bonifica<br \/>\n* interviene per la ricomposizione delle propriet\u00e0 frammentate<br \/>\n* svolge funzioni di consorzio idraulico, nonch\u00e9 quelle di utilizzazione idrica<br \/>\n* funzioni di delegato tecnico per la trasformazione e la quotazione dei terreni<br \/>\n* realizza le iniziative necessarie alla difesa della produzione ed alla valorizzazione economico\/agraria del comprensorio.<\/p>\n<\/div>\n\t\t<\/div><\/div><\/div><\/div>","protected":false},"excerpt":{"rendered":"<p>Il Consorzio di Bonifica 2 Palermo \u00e8 stato costituito ai sensi dell\u2019articolo\u00a03 della L.R. 45\/95\u00a0con decreto n. 157 del 23.05.1997 del Presidente della Regione Siciliana &#8230; <\/p>\n","protected":false},"author":1,"featured_media":0,"parent":0,"menu_order":0,"comment_status":"closed","ping_status":"closed","template":"page-fullwidth.php","meta":{"_acf_changed":false,"_lmt_disableupdate":"","_lmt_disable":"","footnotes":""},"class_list":["post-108","page","type-page","status-publish","hentry"],"acf":[],"yoast_head":"<!-- This site is optimized with the Yoast SEO plugin v27.4 - https:\/\/yoast.com\/product\/yoast-seo-wordpress\/ -->\n<title>Il Consorzio - Consorzio di Bonifica Palermo 2<\/title>\n<meta name=\"robots\" content=\"index, follow, max-snippet:-1, max-image-preview:large, max-video-preview:-1\" \/>\n<link rel=\"canonical\" href=\"https:\/\/www.consorziobonifica.it\/palermo2\/il-consorzio\/\" \/>\n<meta property=\"og:locale\" content=\"it_IT\" \/>\n<meta property=\"og:type\" content=\"article\" \/>\n<meta property=\"og:title\" content=\"Il Consorzio - Consorzio di Bonifica Palermo 2\" \/>\n<meta property=\"og:description\" content=\"Il Consorzio di Bonifica 2 Palermo \u00e8 stato costituito ai sensi dell\u2019articolo\u00a03 della L.R. 45\/95\u00a0con decreto n. 157 del 23.05.1997 del Presidente della Regione Siciliana ...\" \/>\n<meta property=\"og:url\" content=\"https:\/\/www.consorziobonifica.it\/palermo2\/il-consorzio\/\" \/>\n<meta property=\"og:site_name\" content=\"Consorzio di Bonifica Palermo 2\" \/>\n<meta property=\"article:modified_time\" content=\"2019-09-29T16:01:06+00:00\" \/>\n<meta name=\"twitter:card\" content=\"summary_large_image\" \/>\n<script type=\"application\/ld+json\" class=\"yoast-schema-graph\">{\"@context\":\"https:\\\/\\\/schema.org\",\"@graph\":[{\"@type\":\"WebPage\",\"@id\":\"https:\\\/\\\/www.consorziobonifica.it\\\/palermo2\\\/il-consorzio\\\/\",\"url\":\"https:\\\/\\\/www.consorziobonifica.it\\\/palermo2\\\/il-consorzio\\\/\",\"name\":\"Il Consorzio - Consorzio di Bonifica Palermo 2\",\"isPartOf\":{\"@id\":\"https:\\\/\\\/www.consorziobonifica.it\\\/palermo2\\\/#website\"},\"datePublished\":\"2019-09-26T09:53:05+00:00\",\"dateModified\":\"2019-09-29T16:01:06+00:00\",\"breadcrumb\":{\"@id\":\"https:\\\/\\\/www.consorziobonifica.it\\\/palermo2\\\/il-consorzio\\\/#breadcrumb\"},\"inLanguage\":\"it-IT\",\"potentialAction\":[{\"@type\":\"ReadAction\",\"target\":[\"https:\\\/\\\/www.consorziobonifica.it\\\/palermo2\\\/il-consorzio\\\/\"]}]},{\"@type\":\"BreadcrumbList\",\"@id\":\"https:\\\/\\\/www.consorziobonifica.it\\\/palermo2\\\/il-consorzio\\\/#breadcrumb\",\"itemListElement\":[{\"@type\":\"ListItem\",\"position\":1,\"name\":\"Home\",\"item\":\"https:\\\/\\\/www.consorziobonifica.it\\\/palermo2\\\/\"},{\"@type\":\"ListItem\",\"position\":2,\"name\":\"Il Consorzio\"}]},{\"@type\":\"WebSite\",\"@id\":\"https:\\\/\\\/www.consorziobonifica.it\\\/palermo2\\\/#website\",\"url\":\"https:\\\/\\\/www.consorziobonifica.it\\\/palermo2\\\/\",\"name\":\"Consorzio di Bonifica Palermo 2\",\"description\":\"\",\"publisher\":{\"@id\":\"https:\\\/\\\/www.consorziobonifica.it\\\/palermo2\\\/#organization\"},\"potentialAction\":[{\"@type\":\"SearchAction\",\"target\":{\"@type\":\"EntryPoint\",\"urlTemplate\":\"https:\\\/\\\/www.consorziobonifica.it\\\/palermo2\\\/?s={search_term_string}\"},\"query-input\":{\"@type\":\"PropertyValueSpecification\",\"valueRequired\":true,\"valueName\":\"search_term_string\"}}],\"inLanguage\":\"it-IT\"},{\"@type\":\"Organization\",\"@id\":\"https:\\\/\\\/www.consorziobonifica.it\\\/palermo2\\\/#organization\",\"name\":\"Consorzio di bonifica 2 Palermo\",\"url\":\"https:\\\/\\\/www.consorziobonifica.it\\\/palermo2\\\/\",\"logo\":{\"@type\":\"ImageObject\",\"inLanguage\":\"it-IT\",\"@id\":\"https:\\\/\\\/www.consorziobonifica.it\\\/palermo2\\\/#\\\/schema\\\/logo\\\/image\\\/\",\"url\":\"https:\\\/\\\/www.consorziobonifica.it\\\/palermo2\\\/wp-content\\\/uploads\\\/2019\\\/11\\\/logo-consorzio.png\",\"contentUrl\":\"https:\\\/\\\/www.consorziobonifica.it\\\/palermo2\\\/wp-content\\\/uploads\\\/2019\\\/11\\\/logo-consorzio.png\",\"width\":350,\"height\":196,\"caption\":\"Consorzio di bonifica 2 Palermo\"},\"image\":{\"@id\":\"https:\\\/\\\/www.consorziobonifica.it\\\/palermo2\\\/#\\\/schema\\\/logo\\\/image\\\/\"}}]}<\/script>\n<!-- \/ Yoast SEO plugin. -->","yoast_head_json":{"title":"Il Consorzio - Consorzio di Bonifica Palermo 2","robots":{"index":"index","follow":"follow","max-snippet":"max-snippet:-1","max-image-preview":"max-image-preview:large","max-video-preview":"max-video-preview:-1"},"canonical":"https:\/\/www.consorziobonifica.it\/palermo2\/il-consorzio\/","og_locale":"it_IT","og_type":"article","og_title":"Il Consorzio - Consorzio di Bonifica Palermo 2","og_description":"Il Consorzio di Bonifica 2 Palermo \u00e8 stato costituito ai sensi dell\u2019articolo\u00a03 della L.R. 45\/95\u00a0con decreto n. 157 del 23.05.1997 del Presidente della Regione Siciliana ...","og_url":"https:\/\/www.consorziobonifica.it\/palermo2\/il-consorzio\/","og_site_name":"Consorzio di Bonifica Palermo 2","article_modified_time":"2019-09-29T16:01:06+00:00","twitter_card":"summary_large_image","schema":{"@context":"https:\/\/schema.org","@graph":[{"@type":"WebPage","@id":"https:\/\/www.consorziobonifica.it\/palermo2\/il-consorzio\/","url":"https:\/\/www.consorziobonifica.it\/palermo2\/il-consorzio\/","name":"Il Consorzio - Consorzio di Bonifica Palermo 2","isPartOf":{"@id":"https:\/\/www.consorziobonifica.it\/palermo2\/#website"},"datePublished":"2019-09-26T09:53:05+00:00","dateModified":"2019-09-29T16:01:06+00:00","breadcrumb":{"@id":"https:\/\/www.consorziobonifica.it\/palermo2\/il-consorzio\/#breadcrumb"},"inLanguage":"it-IT","potentialAction":[{"@type":"ReadAction","target":["https:\/\/www.consorziobonifica.it\/palermo2\/il-consorzio\/"]}]},{"@type":"BreadcrumbList","@id":"https:\/\/www.consorziobonifica.it\/palermo2\/il-consorzio\/#breadcrumb","itemListElement":[{"@type":"ListItem","position":1,"name":"Home","item":"https:\/\/www.consorziobonifica.it\/palermo2\/"},{"@type":"ListItem","position":2,"name":"Il Consorzio"}]},{"@type":"WebSite","@id":"https:\/\/www.consorziobonifica.it\/palermo2\/#website","url":"https:\/\/www.consorziobonifica.it\/palermo2\/","name":"Consorzio di Bonifica Palermo 2","description":"","publisher":{"@id":"https:\/\/www.consorziobonifica.it\/palermo2\/#organization"},"potentialAction":[{"@type":"SearchAction","target":{"@type":"EntryPoint","urlTemplate":"https:\/\/www.consorziobonifica.it\/palermo2\/?s={search_term_string}"},"query-input":{"@type":"PropertyValueSpecification","valueRequired":true,"valueName":"search_term_string"}}],"inLanguage":"it-IT"},{"@type":"Organization","@id":"https:\/\/www.consorziobonifica.it\/palermo2\/#organization","name":"Consorzio di bonifica 2 Palermo","url":"https:\/\/www.consorziobonifica.it\/palermo2\/","logo":{"@type":"ImageObject","inLanguage":"it-IT","@id":"https:\/\/www.consorziobonifica.it\/palermo2\/#\/schema\/logo\/image\/","url":"https:\/\/www.consorziobonifica.it\/palermo2\/wp-content\/uploads\/2019\/11\/logo-consorzio.png","contentUrl":"https:\/\/www.consorziobonifica.it\/palermo2\/wp-content\/uploads\/2019\/11\/logo-consorzio.png","width":350,"height":196,"caption":"Consorzio di bonifica 2 Palermo"},"image":{"@id":"https:\/\/www.consorziobonifica.it\/palermo2\/#\/schema\/logo\/image\/"}}]}},"_links":{"self":[{"href":"https:\/\/www.consorziobonifica.it\/palermo2\/wp-json\/wp\/v2\/pages\/108","targetHints":{"allow":["GET"]}}],"collection":[{"href":"https:\/\/www.consorziobonifica.it\/palermo2\/wp-json\/wp\/v2\/pages"}],"about":[{"href":"https:\/\/www.consorziobonifica.it\/palermo2\/wp-json\/wp\/v2\/types\/page"}],"author":[{"embeddable":true,"href":"https:\/\/www.consorziobonifica.it\/palermo2\/wp-json\/wp\/v2\/users\/1"}],"replies":[{"embeddable":true,"href":"https:\/\/www.consorziobonifica.it\/palermo2\/wp-json\/wp\/v2\/comments?post=108"}],"version-history":[{"count":3,"href":"https:\/\/www.consorziobonifica.it\/palermo2\/wp-json\/wp\/v2\/pages\/108\/revisions"}],"predecessor-version":[{"id":142,"href":"https:\/\/www.consorziobonifica.it\/palermo2\/wp-json\/wp\/v2\/pages\/108\/revisions\/142"}],"wp:attachment":[{"href":"https:\/\/www.consorziobonifica.it\/palermo2\/wp-json\/wp\/v2\/media?parent=108"}],"curies":[{"name":"wp","href":"https:\/\/api.w.org\/{rel}","templated":true}]}}